 List the prime factors of b.
61
Let g = -53 + 164. List the prime factors of g.
3, 37
Let q be 4/(-6) + 212/12. Let z be 0 + (-11 - (0 + -1)). Let l = q + z. What are the prime factors of l?
7
Suppose 14 = 2*b - 22. Let i = b + -4. List the prime factors of i.
2, 7
Let b be (-3)/(-4)*(69 + -5). Suppose 2*o - b = -3*f, -2*f = -2*o + 6*o - 80. What are the prime factors of o?
2, 3
Let i(m) = -5*m - 12. List the prime factors of i(-17).
73
Suppose 4*p = 3*o - 104, 3*p = o - 3*o + 58. List the prime factors of o.
2
Let k(w) = 2*w + 1. What are the prime factors of k(4)?
3
Let q(l) = l**2 + 2*l + 2. Let t be -5 - (4 - 3 - 1). List the prime factors of q(t).
17
Suppose -407 = -6*f + 289. List the prime factors of f.
2, 29
Let h(d) = -d**2 - 5*d + 3. Let a be h(-5). Suppose -a*k + 0*n + 13 = -2*n, -n - 3 = -k. Let w = k + -5. List the prime factors of w.
2
Let j be -6*(21/(-9) + 2). Let o(g) = -4*g**j - 3 + 2*g**2 - g**3 + 0*g**2. List the prime factors of o(-3).
2, 3
Let t be (-32)/(-6) - (-3)/(-9). Suppose -3*w + 50 = 2*y, t*y + 5*w - 98 = y. What are the prime factors of y?
2, 11
Let r = 3 - 0. Let f = r + 4. Let l = 2 + f. What are the prime factors of l?
3
Suppose 2*w + 8 = 4*w, 0 = -5*v - w + 34. Let t = 8 - v. List the prime factors of t.
2
Let y = -75 + 119. What are the prime factors of y?
2, 11
Suppose -c = -2*c - 7. Let r be c/14*(11 - 1). What are the prime factors of (-3)/(-15) - 74/r?
3, 5
Let n be (1 + -2 - 4)*-1. Suppose -4*m + n*m + 5*o = 12, 3*m + 3*o - 12 = 0. What are the prime factors of m?
2
Suppose 0 = -0*a - 4*a + 192. List the prime factors of (a/(-20))/((-9)/120).
2
What are the prime factors of -4 - 118/(5 - 7)?
5, 11
Suppose -3*z + 6 = -0*z. List the prime factors of z.
2
Suppose n - 2*k = -16, -4*k + 4 - 2 = n. Let h = 0 - n. What are the prime factors of h?
2, 5
Let m(o) = 4*o**3 + o**2 - 2*o - 2. Let p be m(-2). List the prime factors of 4/p + (-212)/(-26).
2
Let s = 184 - 110. Suppose 0 = -3*u + u + s. List the prime factors of u.
37
Let q(x) = 8*x + 3. Let w be q(4). Let s(o) = -o**3 - 2*o**2 - o + 2. Let i be s(-2). Suppose -3 = i*n - w. List the prime factors of n.
2
Let o = -3 + 3. Suppose o*c + 4*c = 48. What are the prime factors of c?
2, 3
Suppose 5*s + 10 = 0, 4*r + 3*s + 376 = 1030. List the prime factors of r.
3, 5, 11
Suppose j - 2*j = -9. List the prime factors of j.
3
Suppose 28 + 6 = 2*m. What are the prime factors of m?
17
Suppose 2*d + 28 = 2*j, -3*j + 48 = 2*d - 14. What are the prime factors of 4/j - 215/(-45)?
5
Let t be (8*(-1 - 0))/(-2). Suppose 3*y + 0*n - 31 = -t*n, 0 = -5*y - 5*n + 45. Suppose y*d - 4*p - 5 = 31, -d + p + 7 = 0. What are the prime factors of d?
2
Let k(p) = p + 3. Suppose 3*j + 5 = -4*l, 3*l = 3*j - 0*l + 12. Let o be -3 + 2 + j/(-3). What are the prime factors of k(o)?
3
Let n(p) be the first derivative of -p**2/2 + 1. Suppose 4*i + 8 = -0*i. List the prime factors of n(i).
2
Let d(f) = -f**2 + 7*f - 3. Let x be d(5). Suppose -3*p + 25 = x. Let a = p - 3. What are the prime factors of a?
3
Let t(r) be the third derivative of -13*r**9/60480 - r**6/720 + r**5/30 - 2*r**2. Let u(k) be the third derivative of t(k). What are the prime factors of u(-1)?
2, 3
Suppose 2*f - 62 + 18 = 0. What are the prime factors of f?
2, 11
Let c = -176 + 255. List the prime factors of c.
79
Let p = 38 - 34. What are the prime factors of p?
2
Suppose -4*z + 0*w + 28 = 4*w, 4*z - 3*w - 35 = 0. Suppose 0 = -2*x - 2*d - 2 - 0, 0 = 4*x - 4*d - 4. Suppose x = 3*k - 26 + z. List the prime factors of k.
2, 3
Let u(t) be the second derivative of -t**3 - t**2/2 + 2*t. Let p = 11 - 12. What are the prime factors of u(p)?
5
Suppose -3*i = i - 12. What are the prime factors of i?
3
Let i(v) = -1 + 0*v**2 + 0*v**2 + 2*v**3 + v. Let z(l) = l**2. Let d be z(1). List the prime factors of i(d).
2
Let m(o) = 18*o + 1. Let z be m(2). Let i be (25/2)/((-2)/4). Let q = z + i. What are the prime factors of q?
2, 3
Let l(k) = k**3 + 11*k**2 + 4*k + 16. Let f be l(-11). Let q = -16 - f. List the prime factors of q.
2, 3
Let c(k) be the third derivative of -k**6/120 - 13*k**5/60 + k**4/2 + 3*k**2. What are the prime factors of c(-14)?
2, 7
Let h = -53 + 94. List the prime factors of h.
41
Let u = 4 - 1. Suppose u*j + 2*j - 15 = 0. Let m = 13 - j. What are the prime factors of m?
2, 5
Let w = 3 + 39. What are the prime factors of w?
2, 3, 7
Let h = 19 - 14. Let o = 8 - h. List the prime factors of o.
3
Suppose -5*h + 380 = 4*a - 2*h, 2*a + 5*h = 190. List the prime factors of a.
5, 19
Suppose -c + 207 = -p + 4*p, -2*p = -5*c - 138. What are the prime factors of p?
3, 23
What are the prime factors of (-63)/(-1) + 2 + 1?
2, 3, 11
Let x be -12*2*1/(-3). Let s = -2 + x. What are the prime factors of s?
2, 3
Let a = 28 + 70. What are the prime factors of a?
2, 7
Let m(p) = p**3 - p**2 + 4. Let k be m(0). Let g(w) = 2*w**3 + 7*w - w**2 + 6*w**2 + 5 - 3*w**3 - 10*w. List the prime factors of g(k).
3
Let m(a) = a**3 + 10*a**2 - 13*a. Let w be m(-11). Suppose -2*f + 8 = 2*n, -6*n - 4*f = -n - w. List the prime factors of n.
2, 3
Let v be ((-3)/2)/(3/4). List the prime factors of 1 + v - (-3)/1.
2
Let g = 0 - -2. Let k = 5 + g. List the prime factors of k.
7
Let i = -1 - -4. Suppose -c = -1, -i*q + 5*q = 3*c - 15. Let x = q + 15. List the prime factors of x.
3
Suppose 2*b = -3*b + 5. Suppose 41 = 4*c + b. List the prime factors of c.
2, 5
Suppose 3 = -4*t - 1. Let p(i) = 6*i + 1. Let o be p(t). Let v(c) = c**2 + 3*c - 3. List the prime factors of v(o).
7
Suppose 0 = -2*y + 7*y - 130. Suppose -141 + y = -5*r. What are the prime factors of r?
23
Let p be 1/((2 + 1)/(-18)). Let i be 10/15 + 46/p. Let l(g) = -g**3 - 8*g**2 - 7*g + 6. List the prime factors of l(i).
2, 3
Let n(j) = j**2 + 5*j + 3. Let x be n(-5). Suppose 0 = -2*p - 1 - 1, 5*y = x*p + 123. List the prime factors of y.
2, 3
Let f be (-1)/(-6)*3*10. Suppose -4*t - 12 = -f*t. List the prime factors of t.
2, 3
Suppose 4*x = -4 + 88. What are the prime factors of x?
3, 7
Let k be (-18)/42 + (-6)/(-14). Suppose k = m + 3*m - 32. What are the prime factors of m?
2
Let j(b) be the second derivative of b**4/12 - 2*b**3 + 8*b**2 - 2*b. Let a be j(11). Suppose a*m = -3 + 58. What are the prime factors of m?
11
Let b(n) = -1 - 11*n**3 + 2*n**2 - n - 3*n**2 - 4*n**3. What are the prime factors of b(-1)?
2, 7
Let v = 13 - 14. Let o(b) = 17*b + 4. Let g(y) = 221*y + 51. Let u(c) = -4*g(c) + 51*o(c). What are the prime factors of u(v)?
17
Suppose k = -0 + 12. List the prime factors of k.
2, 3
Let h(s) = 2*s + 8*s**2 - 9*s**2 + 8*s - 6. Let d be ((-11)/2 + 1)*-2. List the prime factors of h(d).
3
Suppose 3 - 7 = 2*d. Let p = d + 2. Let z = p - -7. What are the prime factors of z?
7
List the prime factors of 0 - -3 - (-31 + 3).
31
Let t(u) be the second derivative of u**7/2520 + u**6/240 - u**4/12 - 3*u. Let p(n) be the third derivative of t(n). List the prime factors of p(-5).
2, 5
Suppose 0 = t - 2*t + 3. Suppose a = 16 - t. List the prime factors of a.
13
Let s(g) = -g**3 - 4*g**2 + 3. Let w be s(-4). Let b(f) = f - 4. Let t be b(w). List the prime factors of (-2 + -10)/t*1.
2, 3
Let i(n) = -3*n**2 + 4*n**2 + 2*n + 6*n. Let j be i(-8). Let g(h) = -h**3 - h**2 + h + 3. List the prime factors of g(j).
3
Suppose -432 = -4*z - 3*j, -2*z + 218 = 2*j - j. What are the prime factors of z?
3, 37
Let n = -40 + 383. List the prime factors of n.
7
Let t be (15/(-6) + 2)*0. Suppose t*a + 3*a = 27. List the prime factors of a.
3
Let p(c) = -c**2 + 6*c. Let q be p(5). Suppose -t - 1 = 2*b - q, 4*t = b + 25. List the prime factors of t.
2, 3
Let a(t) = t**3 + 15. Let i = 6 - 6. Let k be a(i). Suppose -w - k = -6*w. List the prime factors of w.
3
Let y(t) = 4*t**2 + 2*t + 1. Let q(w) = -19*w**2 - 11*w - 6. Let o(i) = 2*q(i) + 11*y(i). List the prime factors of o(1).
5
Let q(c) = -11*c - 7. List the prime factors of q(-8).
3
Suppose 3*p - 6*p + 105 = 0. What are the prime factors of (-1)/2 - p/(-14)?
2
Let j be -3 + -3*6/(-9). Let v = -7 + -2. Let i = j - v. What are the prime factors of i?
2
Let d = -16 - -19. Suppose 105 = 3*b - d*a, 2*b = 7*b - 3*a - 173. What are the prime factors of b?
2, 17
Let b = 356 - 185. What are the prime factors of b?
3, 19
List the prime factors of -14*(-9)/(18/16).
2, 7